18. Let v be p(8). Suppose -v*i + 197 = -209. What is the greatest common divisor of i and 29?
29
Let w = -54 + 87. What is the greatest common factor of w and 11?
11
Suppose 34 + 596 = 6*g. Suppose 4*n - 2*q - 50 = 0, -3*n - 40 = -6*n + q. Calculate the highest common divisor of g and n.
15
Let d(p) = p**3 + 6*p**2 - 7*p + 1. Suppose 29 = -4*j + 1. Let m be d(j). What is the greatest common factor of 1 and m?
1
Suppose -5*s - 2*p - 276 = 0, 4*p - 114 = 2*s + 3*p. Let n = 112 + s. Calculate the greatest common divisor of n and 84.
28
Let m = 36 - 22. Let g(j) be the first derivative of -j**4/4 + 5*j**3 + 37*j**2/2 + 19*j - 1. Let p be g(17). What is the highest common divisor of m and p?
14
Suppose -l + 1 = -5. Let v(h) = h - 1. Let y(m) = -m - 1. Let u(o) = -v(o) - 2*y(o). Let d be u(3). Calculate the greatest common factor of d and l.
6
Let b be -12*23*-1 + -3. Let z be ((-3)/(-6))/(((-119)/(-546))/17). What is the highest common divisor of b and z?
39
Let z be (-3652)/(-165) - 2/15. Suppose 11*f - z = 9*f. Let n = 3 + f. Calculate the highest common factor of n and 28.
14
Let z be 0/(-3 - (0 - 0)). Suppose z = 6*a - a. Suppose a = -2*y - f + 41, -2*f + 20 = 2*f. Calculate the highest common divisor of y and 45.
9
Let u(x) = 95*x + 2. Let m be u(2). Let c(o) = -o**2 - 57*o - 516. Let l be c(-12). What is the highest common factor of m and l?
24
Let o be (2 - (3 + -2)) + 0 + 29. Suppose 0 = -2*x - 2*x + 40. Calculate the highest common divisor of x and o.
10
Suppose 7 - 3 = n. Suppose 5*h + 45 = -20. Let b be 0 + 4 - h - -3. What is the highest common factor of b and n?
4
Let j be (5/3 + 0)*1230/41. Calculate the highest common factor of j and 275.
25
Suppose -4*y + 4*d + 10 = -42, -4*d + 84 = 4*y. Suppose y + 63 = 5*f. Suppose -31 = 5*m - 911. Calculate the greatest common factor of m and f.
16
Suppose -7395 = -11*b + 11305. What is the highest common factor of 200 and b?
100
Let c = -337 - -430. What is the greatest common divisor of 3 and c?
3
Let g be 30/4*(-11)/44*-8. What is the greatest common divisor of 15 and g?
15
Suppose 5*u - 560 - 1540 = 2*w, 0 = 5*u + 3*w - 2075. What is the greatest common factor of 22 and u?
22
Let a(z) = -4*z - 3. Let p be a(-6). Suppose 0 = -7*u + 4*u + 3*i + 12, 0 = i. Suppose v + u*v = 840. Calculate the highest common divisor of v and p.
21
Let g be 11 - (-9)/3 - -2. Let n be (1/1)/(8/g). Calculate the highest common factor of n and 5.
1
Let r be -6 + 2 + 16 + -8. Suppose 0 = r*d + d - 65. Suppose 3 = 5*q - 3*i, 2*q + 4*i - d = 9. Calculate the highest common divisor of q and 6.
3
Let k = -185 - -227. What is the highest common divisor of k and 66?
6
Let a(b) = 2*b**2 - 8*b - 16. Suppose -2*h + 12 = 3*d - 2*d, 0 = 3*h - 5*d - 44. Let q be a(h). What is the highest common divisor of q and 12?
12
Let a(b) = 14*b**2 - b - 3. Let i be a(3). Suppose 2*t - 4*u = -3*t + i, 2*t - 5*u - 48 = 0. Let v = -13 + t. What is the greatest common factor of 99 and v?
11
Let g be -2 + 3 - -13 - 0. Let m be 2 + (3 - 2) - g. Let z be m/(3/(-3 - 3)). What is the greatest common divisor of z and 176?
22
Suppose -4*p = 8, p - 129 = -5*i - 11. What is the greatest common divisor of i and 4?
4
Let y = -77 - -137. Suppose -3*n + 35 = 5*m, 0 = -n + 5*m - 15 - 0. Suppose -r + 5*r - 4*q = 52, -3*r = n*q - 31. What is the highest common factor of r and y?
12
Suppose 5 = -4*a - 3, 5*a + 70 = 5*d. Let v be -5 - 1/((-2)/8). Let r be 3 - (-8)/4 - v. Calculate the highest common divisor of d and r.
6
Suppose 5*z - 105 = 5*h + 300, 137 = 2*z + 3*h. What is the highest common divisor of 68 and z?
4
Let y be -8 + 3 + 2/(-2). Let r = 19 + y. Calculate the highest common divisor of r and 65.
13
Let k be -6 + (8/(-4) - -5). Let u be 2/4 + k/6. Suppose u*i - 4*m + 322 = 5*i, m = -3*i + 196. What is the greatest common divisor of i and 6?
6
Suppose 0 = -7*i + 4 + 17. Suppose -p + 106 = l, 0 = -i*l - 0*l + 2*p + 313. What is the highest common factor of l and 15?
15
Let q be 2/(-4) - 15/(-6). Suppose 0 = q*i + 28 - 124. What is the greatest common divisor of i and 24?
24
Let b(p) = -p + 1. Let k(v) = 12*v - 4. Let a(h) = -8*b(h) - k(h). Suppose 6 = 2*y + 18. Let c be a(y). Calculate the greatest common divisor of 10 and c.
10
Let b = -53 - -6. Let y = 67 + b. Calculate the greatest common factor of y and 4.
4
Let q = -505 + 281. Let l be ((-9)/4*2)/(84/q). Suppose -12 = -h - 3*h. Calculate the greatest common divisor of h and l.
3
Let v(x) = -x**3 + 15*x**2 - 25*x - 6. Let p be v(12). What is the highest common divisor of 14 and p?
14
Let q be (3*-2 - (-508 - -12)) + 7. What is the highest common factor of 21 and q?
7
Suppose -5*p - 1 = -q + 3, 3*p - q + 4 = 0. Suppose 2*u - 36 - 22 = p. Calculate the highest common factor of u and 87.
29
Suppose 5 = 2*c - 3. Suppose -c*a - 120 = -480. What is the greatest common divisor of a and 15?
15
Let o = 78 - 75. Suppose 0 = -3*y + y + 2. Calculate the greatest common factor of y and o.
1
Suppose -3*k + 43 = -35. Let g = 31 - k. Suppose -2*w = -1 - g, v = -3*w + 33. Calculate the highest common divisor of v and 16.
8
Let r(k) = -3*k**3 + 3*k**2. Let x be r(-1). Suppose -x*t = -t - 55. What is the highest common divisor of 22 and t?
11
Let b(o) = o**3 - 4*o**2 + o + 15. Let p be b(8). Calculate the highest common factor of p and 9.
9
Suppose -157*p + 164*p - 91 = 0. Calculate the highest common factor of p and 247.
13
Let w = -7 - -6. Let t be (20/(-12))/(w/36). Calculate the highest common divisor of 90 and t.
30
Let n = 876 + -486. What is the greatest common factor of 60 and n?
30
Let o be (1 - (-4 - 12)) + -3. Let t be o + (-4 - -4)/1. Suppose -100 = -2*m + 12. Calculate the greatest common divisor of m and t.
14
Let x = 171 + -83. Suppose -18*k = -23*k + 40. What is the greatest common divisor of k and x?
8
Let g = 16 - -9. Let n be ((-40)/6)/((-2)/75). What is the greatest common divisor of g and n?
25
Suppose -78*x - 108 = -3*q - 81*x, -4*q + 151 = -3*x. What is the highest common divisor of 703 and q?
37
Let z be (-42)/(-4)*28/6. Let k = -13 - -10. Let b be (1 + k - -3) + z. What is the greatest common divisor of 20 and b?
10
Let a(n) = 3*n + 5. Let s(g) = 2*g. Let c(u) = -a(u) + 6*s(u). Let j be (-10)/(-4)*(1 + 1). Let w be c(j). Calculate the greatest common divisor of w and 10.
10
Suppose 3*f - f - 140 = -4*r, -3*f - 153 = -5*r. Suppose 85 = 4*c + 3*p + r, 4*p = 0. Calculate the greatest common factor of c and 52.
13
Let v be ((-56277)/156)/(6/(-16)). Calculate the highest common divisor of 74 and v.
74
Suppose -3*j + 32 = -19. Suppose -2*n - 4*p - 5 = 1, 0 = 2*p + 2. Let v be -2 + n - (-1 + -36). Calculate the greatest common divisor of j and v.
17
Suppose -290*q = -277*q - 624. What is the highest common factor of q and 228?
12
Suppose -y + 5*y - 16 = 0. Suppose -35 - 13 = -y*f. Suppose 0 = -3*z + 5*z - 10, 2*d = -z + 197. What is the highest common divisor of f and d?
12
Let y = -15 + 25. Let v(t) = -2*t**3 - 6*t**2 - 3*t + 11. Let z be v(-3). Calculate the highest common factor of z and y.
10
Let v = -131 + 159. What is the highest common divisor of 896 and v?
28
Let y(p) = -4*p**2 - 4*p + 4. Let v be y(4). Let h be (v/(-6))/((-16)/24). Let j = 33 - h. Calculate the highest common divisor of 13 and j.
13
Suppose -3*p = 2*p - 480. Let y be ((-28)/(-12))/7 + (-1)/3. Suppose y = 3*r - 5*h - 46, -4*h = 4*r - 3*h - 46. Calculate the highest common divisor of p and r.
12
Suppose 100*q = 121*q - 3528. Calculate the greatest common factor of 294 and q.
42
Let g = -1805 - -1865. Calculate the greatest common divisor of 750 and g.
30
Suppose 15*r = 7*r + 96. Suppose z = 5*b + 87, -3*z = -4*b - 4*z - 66. Let s be 8*(b/(-2) + 2). Calculate the highest common factor of r and s.
12
Suppose -s + 3*w = 7, 0*w - 3 = -w. Suppose -s*a + 32 + 32 = 0. Calculate the greatest common factor of a and 80.
16
Suppose 3*y + 3*r - 159 = 0, 2*y + r - 2*r = 103. What is the greatest common divisor of 234 and y?
26
Suppose -18*v + 121 = -131. What is the highest common factor of v and 259?
7
Let y be (5/(-3))/((-3)/(-9)). Let w = y + 11. What is the greatest common factor of w and 18?
6
Let t = 0 - 18. Let f be 33/t + (-1)/6. Let s be ((-1)/f)/(9/594). Calculate the greatest common factor of s and 3.
3
Let w = 20 + 4. Let